 Is t a multiple of 2?
True
Suppose -2 = -4*p + 5*k, -4 = -4*p + 3*k + 2. Suppose -w - 11 = -p*z + 39, w - 55 = -4*z. Is z a multiple of 7?
False
Suppose -l + 36 = -18. Is 9 a factor of l?
True
Let v(n) = n**2 - 8*n + 3. Let c be v(5). Let i = 14 + c. Is i a multiple of 2?
True
Suppose -5*p = 31 - 1. Let s = 4 + p. Does 5 divide (-18)/(-4) - s/4?
True
Suppose 0 = -2*a - 3*c + 108, 156 = 3*a + 4*c - c. Is 4 a factor of a?
True
Suppose -77 = -2*l + 139. Is l a multiple of 20?
False
Suppose 4*m + 6 = x + x, -2 = -m. Suppose -4*g - 3*w = -5, -3*g + 2*w = -2*g + x. Is 3 a factor of (-7*2)/(-3 - g)?
False
Let v = -47 - -13. Is 3 a factor of v/(-4) - (-1)/2?
True
Let v = 5 + -3. Let f be (-18)/((6/4)/(-3)). Suppose v*z + 0*z = f. Does 9 divide z?
True
Let s(w) = w - 4. Let t be s(3). Does 6 divide 0/t + 40/2?
False
Suppose 0 = b - 4*r + 16, 2*b - 3*r = -0*b - 12. Suppose -5*m - 2*x = -3*x - 125, b = 3*x + 15. Is 6 a factor of m?
True
Does 9 divide 0/(3/(1 - 0)) + 135?
True
Suppose 4*x + 1 = 17. Let d be ((-1)/(-2))/((-1)/x). Let m(a) = 5*a**2 + 2*a + 3. Is m(d) a multiple of 8?
False
Suppose 4*r - 3*r - 2*z + 12 = 0, -3*r + z = 21. Let k(q) = -2*q - 1. Is k(r) a multiple of 7?
False
Does 9 divide -4 - (4 - 144/4)?
False
Let n be (2 - -1 - 3)/(-1). Suppose -4*v - 10 = 3*t, n*t = t - 4*v + 14. Is 9 a factor of t*2/(-4)*3?
True
Let l = 210 - 150. Is l a multiple of 22?
False
Let y be 30/4 + 2/4. Suppose -o + y = -8. Does 16 divide o?
True
Is (-464)/(-120) - 4/(-30) a multiple of 4?
True
Let b(x) be the second derivative of x**4/12 + x**3/2 + 2*x**2 - x. Is 22 a factor of b(-6)?
True
Let v be ((-2)/(-5))/(3/(-15)). Is (-1640)/(-24) + v/(-3) a multiple of 17?
False
Suppose 5*n - 5*c = 40, -2*n + 0*n + 28 = 4*c. Is n a multiple of 5?
True
Let a(m) = 6*m - 11. Is 22 a factor of a(8)?
False
Let s = -7 - -4. Let m = 117 + s. Suppose j + 25 = 5*y - m, -j = -2*y + 55. Does 10 divide y?
False
Let g(p) = p. Let s be g(-1). Let n = s - -3. Let l = n - -3. Is l a multiple of 2?
False
Let t(b) be the third derivative of -b**4/12 - b**3/2 + 3*b**2. Does 3 divide t(-6)?
True
Let h be (-4)/(-22) - 4/22. Does 2 divide -4 + 14*(h + 1)?
True
Suppose -7*a - a = -432. Is 18 a factor of a?
True
Let z(i) = -i**3 - 5*i**2 - 5*i + 3. Let j be z(-4). Let n = 3 + j. Is n a multiple of 10?
True
Let m be -3 + 1 + 2 + -1. Is 13 a factor of (m - 8/(-2)) + 23?
True
Suppose 0 = -8*x + 3*x + 15. Suppose -4*b + x*p - 70 = -9*b, -2*p + 75 = 5*b. Is 10 a factor of b?
False
Suppose 0 = 8*h - 456 - 336. Is h a multiple of 22?
False
Let v(w) = -w**3 + 3*w**2 + 4*w + 6. Does 9 divide v(-2)?
True
Let x be 286/10 + (-12)/(-30). Suppose 3*n - 1 = x. Suppose -l + n = 2. Does 8 divide l?
True
Suppose j - 44 + 4 = 0. Let h = j + -23. Is 6 a factor of h?
False
Suppose -48 = -0*o + 4*o. Let q = o - -30. Is q a multiple of 15?
False
Let n(b) = 5*b**2 + 21*b - 7. Does 7 divide n(-7)?
True
Let d(i) = i + 4. Suppose -3*o - 4*f - 27 = 0, 4*o - 2*f = -4*f - 36. Let t be (o/(-2))/(3/4). Is d(t) a multiple of 4?
False
Suppose 0 = 13*x - 1354 + 119. Does 37 divide x?
False
Let g(p) = -p**2 - 16*p + 11. Let y = -7 + -4. Is g(y) a multiple of 21?
False
Suppose -4*u = -5*k + 4 + 7, -2*k + 11 = 5*u. Is u/((-2)/62*-1) a multiple of 9?
False
Suppose 0 = -0*q - 4*q - 40. Let b(t) be the third derivative of -t**4/12 + 11*t**3/6 - 2*t**2. Is b(q) a multiple of 16?
False
Suppose -5*s - 3*q = -8*q - 10, 7 = 2*s - 3*q. Let m(j) = 7*j**2 - 2*j - 1. Let b be m(s). Does 7 divide ((-26)/4)/((-4)/b)?
False
Suppose 2*l - 5 = 3. Suppose s + s = 0. Suppose s = -2*u, 0*b - l*u = 3*b - 42. Does 7 divide b?
True
Let g(s) = -s**3 + 6*s**2 + 8*s - 1. Is g(7) a multiple of 3?
True
Let z(m) = -m + 16. Let x be z(11). Let c = 22 + x. Is c a multiple of 9?
True
Let t be 2 - (2 - (-4 + 7)). Suppose -t*o + 0*o = -33. Does 3 divide o?
False
Let q(p) = p**2 + p + 2. Let c be q(-2). Suppose c*a - a = -6. Is 3 a factor of 7 - 4/a - 1?
False
Let w(t) = 2*t**2 + 4*t - 4. Is 12 a factor of w(-4)?
True
Let m be (-2)/11 + (-171)/(-33). Suppose -3*i + m = -16. Is i a multiple of 2?
False
Is (-1)/(75/38 + -2) a multiple of 16?
False
Let a(t) = 7*t + 1. Is 21 a factor of a(9)?
False
Is 2 - 1 - (-168)/3 a multiple of 16?
False
Let u = 51 - 37. Is u a multiple of 14?
True
Suppose -4*n = -2*u + 54, -4*u + 108 = 3*n + 2*n. Does 6 divide u?
False
Let g be ((-7)/(-2))/((-5)/(-10)). Let j(h) = h**3 - 6*h**2 - 7*h. Let v be j(g). Suppose -3*i - 35 + 152 = v. Does 16 divide i?
False
Suppose -2*t = 5*a + 10 + 10, 0 = -5*a + 5*t - 55. Let u = 6 + a. Let b(n) = n**3 + n**2 + 12. Is 12 a factor of b(u)?
True
Let a(i) = -11*i + 2. Let l(q) = q + 3. Let c be l(-6). Is 13 a factor of a(c)?
False
Suppose -2*i = -b + i + 2, i = 0. Suppose 3*p - b*p = -2*v + 15, -3*v = 4*p - 20. Is v a multiple of 8?
True
Suppose 0 = -3*m + l + 1201, 4*l = 2*l - 8. Does 12 divide m/12 - 2/8?
False
Suppose -168 = -4*a - 9*j + 5*j, -2*a = -2*j - 92. Is a a multiple of 11?
True
Does 22 divide (-33)/(-12)*(23 - -1)?
True
Let f be 6*(-2 - 14/(-6)). Suppose 3*o - 3*a = 60, 2*o = -f*a - 3*a + 54. Is o a multiple of 9?
False
Suppose -4*s + 2*i = 10, 29 - 4 = -4*s - 3*i. Let m(d) = d**3 + 7*d**2 + 7*d + 7. Let u be m(-5). Let k = u + s. Does 9 divide k?
True
Suppose 0 = 2*i + 3*i - 310. Is i a multiple of 12?
False
Let t be (-6)/33 + (-266)/(-11). Let v be (-1)/6 - (-100)/t. Let a(w) = 3*w. Is 12 a factor of a(v)?
True
Let w be (39/(-26))/((-1)/(-2)). Does 10 divide (w + -38)*-1 - -1?
False
Let m be (2 + 0)/(1/3). Suppose -w + 0*w + 87 = 0. Suppose m*j - 5*j + r = 21, w = 3*j - 5*r. Is j a multiple of 10?
False
Let j = -11 - -24. Suppose -5*r = -j - 97. Does 11 divide (-1)/6*-3*r?
True
Suppose -4*h = -8*h. Let u = 2 + 0. Suppose h = -u*b + 4*b - 34. Is b a multiple of 17?
True
Suppose -4*r + 4*l + 36 = 0, 0 = -3*r + 5*l - 3*l + 32. Is 3 a factor of r?
False
Suppose 3*s + 38 = 2*x, x = -2*x - 4*s + 57. Suppose -2*g - x = -115. Is g a multiple of 11?
False
Does 24 divide 2/8 + 183/(-12)*-11?
True
Let o be 2 + (-5)/(1/(-1)). Let s = o - 3. Suppose j + 3*p = 23, -2*j + s*p + 3 + 23 = 0. Does 11 divide j?
False
Suppose -v - 5*t + 17 = -5, 50 = 4*v + t. Suppose -o - o - v = 0. Let f = o + 10. Does 2 divide f?
True
Let q(t) = -2*t - 4 - 3*t - 3*t - t**2. Let b be q(-7). Suppose -80 = b*a - 7*a. Is 20 a factor of a?
True
Let q be (10/(-20))/((-2)/424). Suppose 3*b = -f + 17, -3*f + 0*b = -2*b - q. Does 12 divide f?
False
Let s(d) = -d**2 + 2*d. Let o = -1 + 3. Let u be s(o). Suppose 4*c + m + u*m - 55 = 0, 0 = -2*c - 4*m + 10. Is 15 a factor of c?
True
Let c(p) = p**3 + p**2 + 3. Let n be c(0). Suppose -5*q = -f - 142, 0 = n*q + f - 2 - 88. Suppose g - 27 = -5*d - 3*g, 5*d + 3*g - q = 0. Is 7 a factor of d?
True
Suppose -3*r - 51 = -j, -j + r + 53 = -3*r. Does 11 divide j?
False
Let y(f) = f**3 + 2*f**2. Let n be y(3). Let i = n + 9. Suppose 4*h - 5*t = h + i, 0 = 3*t. Does 6 divide h?
True
Let z(n) = -3*n**3 + 4*n**2 + 5*n - 6. Let a(w) = -7*w**3 + 7*w**2 + 11*w - 11. Let p(v) = -2*a(v) + 5*z(v). Does 10 divide p(6)?
True
Let x = 10 + -6. Let k(w) = w**3 + 9*w**2 + w + 11. Let v be k(-9). Suppose v*s = -2 + 10, x*t = s + 176. Is 18 a factor of t?
False
Let y(x) = -7*x - 1. Suppose -2*o + 6 = -4*o. Let z be y(o). Suppose 0 = 2*t - 36 - z. Is 18 a factor of t?
False
Let y(m) = 3 + 0*m**2 + 4*m**2 - 5 - 3*m**2. Let r be y(-2). Does 13 divide -1 - (-28 + 0)/r?
True
Let c = -28 + 73. Suppose 0 = 5*k - 2*k + 72. Let r = k + c. Is r a multiple of 13?
False
Let h = 86 - 57. Is h a multiple of 29?
True
Suppose 4*s + 4*m = -100, -m = -2*s - 2*s - 90. Let p = s + 39. Is 5 a factor of p?
False
Let f = 58 - 31. Does 9 divide f?
True
Suppose b - 2*v = -4, 0*v - 3 = -v. Suppose 57 = t + b*t. Does 6 divide t?
False
Suppose -2*u - 16 = 2*u, 5*t + u = 21. Suppose t = 2*g - 29. Is g a multiple of 9?
False
Let m = 28 - 5. Let u(t) = 16*t + 1. Let o be u(-1). Let d = m + o. Is d a multiple of 4?
True
Let y(j) = -3*j**3 - 7*j**2 - 9*j - 6. Is y(-4) a multiple of 11?
True
Is 181/3 + (-3)/9 a multiple of 15?
True
Let j be (-7)/(-2) + 2/4. Does 9 divide 4/j*(1 + 25)?
False
Suppose 4*s - 2*q - 3*q = 49, 0 = 5*q - 15. Suppose 4*y - 7*y - 42 = -2*v, -4*y + s = 0. Suppose -4*h + v = -3*h. Is h a multiple of 14?
False
Suppose 2